ed by 394?
50
Calculate the remainder when 1302 is divided by 323.
10
What is the remainder when 77400 is divided by 12?
0
Calculate the remainder when 307 is divided by 303.
4
Calculate the remainder when 637 is divided by 493.
144
What is the remainder when 3290 is divided by 45?
5
What is the remainder when 5957 is divided by 10?
7
What is the remainder when 4144 is divided by 4065?
79
What is the remainder when 735995 is divided by 2429?
8
Calculate the remainder when 1026881 is divided by 641.
640
Calculate the remainder when 309109 is divided by 384.
373
Calculate the remainder when 11861 is divided by 3950.
11
Calculate the remainder when 871547 is divided by 109.
92
Calculate the remainder when 8069 is divided by 35.
19
Calculate the remainder when 246232 is divided by 605.
602
What is the remainder when 53514 is divided by 923?
903
Calculate the remainder when 53037 is divided by 542.
463
What is the remainder when 810034 is divided by 12462?
4
What is the remainder when 4880 is divided by 22?
18
Calculate the remainder when 17922 is divided by 4336.
578
What is the remainder when 43347 is divided by 186?
9
What is the remainder when 23726 is divided by 87?
62
What is the remainder when 1029 is divided by 528?
501
Calculate the remainder when 102 is divided by 39.
24
Calculate the remainder when 9557 is divided by 955.
7
What is the remainder when 4773 is divided by 3026?
1747
What is the remainder when 7873 is divided by 37?
29
What is the remainder when 30290 is divided by 439?
438
Calculate the remainder when 21171 is divided by 684.
651
What is the remainder when 499888 is divided by 57?
55
What is the remainder when 80444 is divided by 155?
154
What is the remainder when 6093 is divided by 263?
44
Calculate the remainder when 19644 is divided by 421.
278
Calculate the remainder when 42782 is divided by 32.
30
What is the remainder when 7637 is divided by 2381?
494
Calculate the remainder when 16077 is divided by 95.
22
What is the remainder when 3005 is divided by 71?
23
What is the remainder when 2100972 is divided by 327?
324
Calculate the remainder when 5499 is divided by 12.
3
Calculate the remainder when 896 is divided by 271.
83
What is the remainder when 50285 is divided by 39?
14
What is the remainder when 11883 is divided by 5940?
3
Calculate the remainder when 678 is divided by 655.
23
What is the remainder when 12923 is divided by 4073?
704
Calculate the remainder when 18916 is divided by 8995.
926
Calculate the remainder when 40256 is divided by 4025.
6
What is the remainder when 228838 is divided by 30?
28
Calculate the remainder when 71569 is divided by 66.
25
Calculate the remainder when 67469 is divided by 7496.
5
What is the remainder when 79226 is divided by 79207?
19
What is the remainder when 253997 is divided by 400?
397
Calculate the remainder when 208796 is divided by 50.
46
Calculate the remainder when 83863 is divided by 27910.
133
What is the remainder when 179370 is divided by 65?
35
Calculate the remainder when 61167 is divided by 1653.
6
What is the remainder when 4969 is divided by 35?
34
What is the remainder when 2016 is divided by 165?
36
What is the remainder when 6575 is divided by 54?
41
What is the remainder when 813 is divided by 69?
54
What is the remainder when 7078 is divided by 436?
102
What is the remainder when 7729 is divided by 1444?
509
Calculate the remainder when 849 is divided by 146.
119
What is the remainder when 3345733 is divided by 136?
133
Calculate the remainder when 219475 is divided by 21947.
5
Calculate the remainder when 398572 is divided by 198.
196
Calculate the remainder when 270 is divided by 39.
36
What is the remainder when 1444 is divided by 735?
709
Calculate the remainder when 450164 is divided by 545.
539
Calculate the remainder when 183511 is divided by 295.
21
Calculate the remainder when 199910 is divided by 99951.
8
Calculate the remainder when 30704 is divided by 279.
14
What is the remainder when 838 is divided by 631?
207
Calculate the remainder when 18307419 is divided by 434.
431
Calculate the remainder when 21243 is divided by 21.
12
Calculate the remainder when 8599 is divided by 2143.
27
Calculate the remainder when 15762 is divided by 7859.
44
What is the remainder when 30628 is divided by 1?
0
Calculate the remainder when 35345 is divided by 822.
821
What is the remainder when 538 is divided by 312?
226
Calculate the remainder when 3761229 is divided by 22.
21
What is the remainder when 346358 is divided by 126?
110
Calculate the remainder when 160269 is divided by 94.
93
Calculate the remainder when 23627 is divided by 159.
95
Calculate the remainder when 239808 is divided by 2263.
2193
Calculate the remainder when 61672 is divided by 310.
292
What is the remainder when 591049 is divided by 271?
269
Calculate the remainder when 4716 is divided by 181.
10
What is the remainder when 26291 is divided by 547?
35
Calculate the remainder when 20852 is divided by 120.
92
What is the remainder when 1041 is divided by 87?
84
What is the remainder when 3638 is divided by 8?
6
Calculate the remainder when 11966 is divided by 827.
388
What is the remainder when 569427 is divided by 158?
153
What is the remainder when 6860 is divided by 80?
60
What is the remainder when 15365 is divided by 68?
65
Calculate the remainder when 4383 is divided by 313.
1
What is the remainder when 1275250 is divided by 631?
630
What is the remainder when 295624 is divided by 42230?
14
Calculate the remainder when 1259 is divided by 137.
26
What is the remainder when 2085 is divided by 17?
11
What is the remainder when 10789 is divided by 1197?
16
Calculate the remainder when 6020 is divided by 65.
40
What is the remainder when 459284 is divided by 12?
8
Calculate the remainder when 1674 is divided by 181.
45
Calculate the remainder when 3607 is divided by 974.
685
What is the remainder when 130210 is divided by 4650?
10
What is the remainder when 41623 is divided by 11?
10
What is the remainder when 18890 is divided by 4722?
2
What is the remainder when 185 is divided by 124?
61
Calculate the remainder when 700 is divided by 17.
3
Calculate the remainder when 202699 is divided by 216.
91
Calculate the remainder when 26652 is divided by 8878.
18
What is the remainder when 524742 is divided by 27?
24
What is the remainder when 13180 is divided by 32?
28
Calculate the remainder when 9298 is divided by 3096.
10
What is the remainder when 53467 is divided by 1407?
1
What is the remainder when 215023 is divided by 107509?
5
Calculate the remainder when 6425 is divided by 1576.
121
What is the remainder when 625559 is divided by 48119?
12
What is the remainder when 9310 is divided by 67?
64
Calculate the remainder when 19829 is divided by 63.
47
What is the remainder when 151601 is divided by 22?
21
What is the remainder when 53985 is divided by 132?
129
Calculate the remainder when 32676 is divided by 24.
12
Calculate the remainder when 16557 is divided by 90.
87
Calculate the remainder when 120503 is divided by 8.
7
What is the remainder when 3691 is divided by 1221?
28
What is the remainder when 21813 is divided by 4362?
3
What is the remainder when 248446 is divided by 1010?
996
What is the remainder when 5388 is divided by 5387?
1
Calculate the remainder when 2407 is divided by 64.
39
Calculate the remainder when 5499 is divided by 15.
9
What is the remainder when 44425 is divided by 766?
763
What is the remainder when 3293 is divided by 19?
6
What is the remainder when 27319 is divided by 9017?
268
What is the remainder when 28486 is divided by 1238?
12
What is the remainder when 467535 is divided by 116874?
39
Calculate the remainder when 2766 is divided by 146.
138
Calculate the remainder when 80712 is divided by 372.
360
Calculate the remainder when 75237 is divided by 198.
195
Calculate the remainder when 16078 is divided by 33.
7
Calculate the remainder when 2210 is divided by 2196.
14
What is the remainder when 520890 is divided by 16277?
26
Calculate the remainder when 1484489 is divided by 210.
209
What is the remainder when 324626 is divided by 156?
146
What is the remainder when 3040124 is divided by 67?
66
What is the remainder when 1055 is divided by 202?
45
What